{"id":245,"date":"2020-05-29T22:39:10","date_gmt":"2020-05-29T21:39:10","guid":{"rendered":"https:\/\/www.orchesterverein-horrheim.de\/wp\/?page_id=245"},"modified":"2023-07-27T20:16:45","modified_gmt":"2023-07-27T19:16:45","slug":"kontakt-blaeserklasse","status":"publish","type":"page","link":"https:\/\/www.orchesterverein-horrheim.de\/?page_id=245","title":{"rendered":"Kontakt"},"content":{"rendered":"\n<h4 class=\"wp-block-heading\">F\u00f6rderverein Bl\u00e4serklasse Ensingen Horrheim e.V.<\/h4>\n\n\n\n<figure class=\"wp-block-table alignleft\"><table><tbody><tr><td>Orchesterverein Horrheim<\/td><td>Gabi G\u00fcnther<br>Tel. 07042\/32439<br>vorstand-blaeserklasse@orchesterverein-horrheim.de<\/td><\/tr><tr><td>Muskverein Ensingen<\/td><td>Elke Staiger<br>Tel. 07042\/820491<br>vorstand2-blaeserklasse@orchesterverein-horrheim.de<\/td><\/tr><tr><td>Bl\u00e4serklassenleitung<\/td><td>Claudia Wagner<br>Tel. 07042\/978112<\/td><\/tr><tr><td>Finanzen<\/td><td>Natascha Laichinger<br>Tel. 07042\/8152939<br>finanzen-blaeserklasse@orchesterverein-horrheim.de<\/td><\/tr><tr><td>Spendenkonto Bl\u00e4serklasse<br><\/td><td>VR Bank Ludwigsburg<br>IBAN:\u00a0<strong>DE14 6049 1430 0798 4830 08\u00a0<\/strong><\/td><\/tr><\/tbody><\/table><\/figure>\n\n\n\n<p><\/p>\n","protected":false},"excerpt":{"rendered":"<p>F\u00f6rderverein Bl\u00e4serklasse Ensingen Horrheim e.V. Orchesterverein Horrheim Gabi G\u00fcntherTel. 07042\/32439vorstand-blaeserklasse@orchesterverein-horrheim.de Muskverein Ensingen Elke StaigerTel. 07042\/820491vorstand2-blaeserklasse@orchesterverein-horrheim.de Bl\u00e4serklassenleitung Claudia WagnerTel. 07042\/978112 Finanzen Natascha LaichingerTel. 07042\/8152939finanzen-blaeserklasse@orchesterverein-horrheim.de Spendenkonto Bl\u00e4serklasse VR Bank LudwigsburgIBAN:\u00a0DE14 6049 1430 0798 4830 08\u00a0<\/p>\n","protected":false},"author":1,"featured_media":0,"parent":42,"menu_order":2,"comment_status":"closed","ping_status":"closed","template":"","meta":{"footnotes":""},"class_list":["post-245","page","type-page","status-publish","hentry"],"_links":{"self":[{"href":"https:\/\/www.orchesterverein-horrheim.de\/index.php?rest_route=\/wp\/v2\/pages\/245","targetHints":{"allow":["GET"]}}],"collection":[{"href":"https:\/\/www.orchesterverein-horrheim.de\/index.php?rest_route=\/wp\/v2\/pages"}],"about":[{"href":"https:\/\/www.orchesterverein-horrheim.de\/index.php?rest_route=\/wp\/v2\/types\/page"}],"author":[{"embeddable":true,"href":"https:\/\/www.orchesterverein-horrheim.de\/index.php?rest_route=\/wp\/v2\/users\/1"}],"replies":[{"embeddable":true,"href":"https:\/\/www.orchesterverein-horrheim.de\/index.php?rest_route=%2Fwp%2Fv2%2Fcomments&post=245"}],"version-history":[{"count":14,"href":"https:\/\/www.orchesterverein-horrheim.de\/index.php?rest_route=\/wp\/v2\/pages\/245\/revisions"}],"predecessor-version":[{"id":978,"href":"https:\/\/www.orchesterverein-horrheim.de\/index.php?rest_route=\/wp\/v2\/pages\/245\/revisions\/978"}],"up":[{"embeddable":true,"href":"https:\/\/www.orchesterverein-horrheim.de\/index.php?rest_route=\/wp\/v2\/pages\/42"}],"wp:attachment":[{"href":"https:\/\/www.orchesterverein-horrheim.de\/index.php?rest_route=%2Fwp%2Fv2%2Fmedia&parent=245"}],"curies":[{"name":"wp","href":"https:\/\/api.w.org\/{rel}","templated":true}]}}