{"id":43,"date":"2020-05-28T23:04:54","date_gmt":"2020-05-28T22:04:54","guid":{"rendered":"https:\/\/www.orchesterverein-horrheim.de\/wp\/?page_id=43"},"modified":"2024-01-11T20:25:31","modified_gmt":"2024-01-11T19:25:31","slug":"kontakt","status":"publish","type":"page","link":"https:\/\/www.orchesterverein-horrheim.de\/?page_id=43","title":{"rendered":"Kontakt"},"content":{"rendered":"\n<p><strong>Postadresse:<\/strong><br>Orchesterverein Horrheim e.V.<br>Stefan Ertel<br>Seewaldstra\u00dfe 1<br>71665 Vaihingen an der Enz<\/p>\n\n\n\n<p><strong>Adresse Vereinsheim:<\/strong><br>M\u00fchltorstra\u00dfe 23<br>71665 Vaihingen\/Enz Horrheim<\/p>\n\n\n\n<p><strong>Vermietung Vereinsheim: <\/strong><a href=\"https:\/\/www.orchesterverein-horrheim.de\/?page_id=180\">Dokument hier<\/a><\/p>\n\n\n\n<p>F\u00fcr weitere Informationen bez\u00fcglich Mietpreise, etc. wenden Sie sich bitte an:<br><strong>Elke Klein<\/strong> Tel. +49 160 7627064<br><a href=\"mailto:vereinsheim@orchesterverein-horrheim.de\">vereinsheim@orchesterverein-horrheim.de<\/a><br><br><\/p>\n","protected":false},"excerpt":{"rendered":"<p>Postadresse:Orchesterverein Horrheim e.V.Stefan ErtelSeewaldstra\u00dfe 171665 Vaihingen an der Enz Adresse Vereinsheim:M\u00fchltorstra\u00dfe 2371665 Vaihingen\/Enz Horrheim Vermietung Vereinsheim: Dokument hier F\u00fcr weitere Informationen bez\u00fcglich Mietpreise, etc. wenden Sie sich bitte an:Elke Klein Tel. +49 160 7627064vereinsheim@orchesterverein-horrheim.de<\/p>\n","protected":false},"author":1,"featured_media":0,"parent":0,"menu_order":0,"comment_status":"closed","ping_status":"closed","template":"","meta":{"footnotes":""},"class_list":["post-43","page","type-page","status-publish","hentry"],"_links":{"self":[{"href":"https:\/\/www.orchesterverein-horrheim.de\/index.php?rest_route=\/wp\/v2\/pages\/43","targetHints":{"allow":["GET"]}}],"collection":[{"href":"https:\/\/www.orchesterverein-horrheim.de\/index.php?rest_route=\/wp\/v2\/pages"}],"about":[{"href":"https:\/\/www.orchesterverein-horrheim.de\/index.php?rest_route=\/wp\/v2\/types\/page"}],"author":[{"embeddable":true,"href":"https:\/\/www.orchesterverein-horrheim.de\/index.php?rest_route=\/wp\/v2\/users\/1"}],"replies":[{"embeddable":true,"href":"https:\/\/www.orchesterverein-horrheim.de\/index.php?rest_route=%2Fwp%2Fv2%2Fcomments&post=43"}],"version-history":[{"count":15,"href":"https:\/\/www.orchesterverein-horrheim.de\/index.php?rest_route=\/wp\/v2\/pages\/43\/revisions"}],"predecessor-version":[{"id":1066,"href":"https:\/\/www.orchesterverein-horrheim.de\/index.php?rest_route=\/wp\/v2\/pages\/43\/revisions\/1066"}],"wp:attachment":[{"href":"https:\/\/www.orchesterverein-horrheim.de\/index.php?rest_route=%2Fwp%2Fv2%2Fmedia&parent=43"}],"curies":[{"name":"wp","href":"https:\/\/api.w.org\/{rel}","templated":true}]}}